{"id":843,"date":"2021-12-01T08:01:21","date_gmt":"2021-12-01T07:01:21","guid":{"rendered":"https:\/\/www.sakerhetsforetagen.se\/?page_id=843"},"modified":"2023-04-17T14:59:55","modified_gmt":"2023-04-17T12:59:55","slug":"arets-branschbragd-2022","status":"publish","type":"page","link":"https:\/\/www.sakerhetsforetagen.se\/arets-branschbragd-2022\/","title":{"rendered":"\u00c5rets branschbragd 2022"},"content":{"rendered":"<div id=\"block-hero-block_56b399ee8e025a80f6edd5c3cc8b76bb\" class=\"Hero has-green-background-color\">\n\n    \n  <div class=\"Hero__inner container has-green-background-color has-arrow\">\n              <div class=\"Hero__title\">\n          <h1><i> \u00c5rets branschbragd 2022<\/i><\/h1>\n        <\/div>\n                                <div class=\"Hero__arrow\">\n          <svg class='icon icon--squiggly-arrow'  width=\"282\" height=\"302\" viewBox=\"0 0 282 302\" fill=\"none\" xmlns=\"http:\/\/www.w3.org\/2000\/svg\">\n<path d=\"M108.429 281.19L129.837 295.44L143.97 274.186\" stroke=\"black\" stroke-width=\"4\" stroke-miterlimit=\"10\"\/>\n<path d=\"M43.8871 68.0497C53.3269 84.3998 70.0075 95.6755 88.6244 97.6784C107.24 99.6801 125.826 95.0068 144.209 91.4645C162.592 87.9216 182.067 85.5682 199.674 91.9481C220.515 99.5002 236.316 120.278 236.492 142.446C236.669 164.616 220.178 186.234 198.428 190.49C188.558 192.423 177.815 190.842 169.542 185.112C161.271 179.382 155.88 169.284 156.859 159.269C158.292 144.577 173.761 133.512 188.444 135C203.126 136.491 215.468 148.757 219.176 163.047C222.881 177.337 218.804 192.932 210.416 205.072C202.027 217.212 189.703 226.187 176.514 232.804C167.472 237.341 157.931 240.877 149.144 245.889C140.356 250.899 132.161 257.651 127.746 266.755C123.333 275.858 126.637 283.983 129.929 295.386\" stroke=\"black\" stroke-width=\"4\" stroke-miterlimit=\"10\"\/>\n<\/svg>\n\n          <\/div>\n        <\/div>\n<\/div>\n\n\n\n<div class=\"wp-block-columns is-layout-flex wp-container-core-columns-is-layout-9d6595d7 wp-block-columns-is-layout-flex\">\n<div class=\"wp-block-column is-layout-flow wp-block-column-is-layout-flow\"><\/div>\n<\/div>\n\n\n\n<div class=\"wp-block-columns is-layout-flex wp-container-core-columns-is-layout-9d6595d7 wp-block-columns-is-layout-flex\">\n<div class=\"wp-block-column is-layout-flow wp-block-column-is-layout-flow\"><\/div>\n<\/div>\n\n\n<div class=\"wp-block wp-block-core-heading\" id=\"&nbsp;dags-att-nominera-till-\u00c5rets-branschbragd-2022\">\n<h3 class=\"wp-block-heading\">&nbsp;Dags att nominera till \u00c5rets branschbragd 2022<\/h3>\n<\/div>\n\n\n<div class=\"wp-block-columns is-layout-flex wp-container-core-columns-is-layout-9d6595d7 wp-block-columns-is-layout-flex\">\n<div class=\"wp-block-column is-layout-flow wp-block-column-is-layout-flow\" style=\"flex-basis:66.66%\"><div class=\"wp-block wp-block-core-paragraph\">\n<p>S\u00e4kerhetsf\u00f6retagen har en l\u00e5ng tradition att utse \u00c5rets v\u00e4ktare. Sedan 2019 har styrelsen f\u00f6r S\u00e4kerhetsf\u00f6retagen beslutat att utveckla traditionen genom att d\u00f6pa om priset till&nbsp;\u00c5rets branschbragd.<\/p>\n<\/div>\n\n<div class=\"wp-block wp-block-core-paragraph\">\n<p>Du som har en arbetsledande st\u00e4llning i ett s\u00e4kerhetsf\u00f6retag f\u00e5r nu m\u00f6jlighet att nominera en eller flera&nbsp;medarbetare som gjort en s\u00e4rskilt utm\u00e4rkande insats i sin yrkesroll som v\u00e4ktare, ordningsvakt, parkeringsvakt, larmoperat\u00f6r eller skyddsvakt. Det kan exempelvis handla om livr\u00e4ddande insatser, framg\u00e5ngsrik brandhantering eller annat agerande.<\/p>\n<\/div>\n\n<div class=\"wp-block wp-block-core-paragraph\">\n<p>F\u00f6r att nominera: skriv en kort motivering och skicka nomineringen av medarbetaren senast den 12:e november till li.jansson@sakerhetsforetagen.se.<\/p>\n<\/div>\n\n<div class=\"wp-block wp-block-core-paragraph\">\n<p>Vinnaren utses av en jury best\u00e5ende av Mats Adman, VD f\u00f6r Rapid S\u00e4kerhet AB och Joachim K\u00e4llsholm, ordf\u00f6rande f\u00f6r S\u00e4kerhetsf\u00f6retagen.<\/p>\n<\/div><\/div>\n\n\n\n<div class=\"wp-block-column is-layout-flow wp-block-column-is-layout-flow\" style=\"flex-basis:33.33%\">\n<figure class=\"wp-block-image size-full\"><img loading=\"lazy\" decoding=\"async\" width=\"555\" height=\"329\" src=\"https:\/\/www.sakerhetsforetagen.se\/app\/uploads\/sites\/11\/2020\/12\/nokas_retusch.jpg\" alt=\"\" class=\"wp-image-288\" srcset=\"https:\/\/www.sakerhetsforetagen.se\/app\/uploads\/sites\/11\/2020\/12\/nokas_retusch.jpg 555w, https:\/\/www.sakerhetsforetagen.se\/app\/uploads\/sites\/11\/2020\/12\/nokas_retusch-300x178.jpg 300w\" sizes=\"auto, (max-width: 555px) 100vw, 555px\" \/><\/figure>\n<\/div>\n<\/div>\n","protected":false},"excerpt":{"rendered":"<p>&nbsp;Dags att nominera till \u00c5rets branschbragd 2022 S\u00e4kerhetsf\u00f6retagen har en l\u00e5ng tradition att utse \u00c5rets v\u00e4ktare. Sedan 2019 har styrelsen f\u00f6r S\u00e4kerhetsf\u00f6retagen beslutat att utveckla traditionen genom att d\u00f6pa om priset till&nbsp;\u00c5rets branschbragd. Du som &hellip;<\/p>\n","protected":false},"author":2400,"featured_media":0,"parent":0,"menu_order":0,"comment_status":"closed","ping_status":"closed","template":"","meta":{"_acf_changed":false,"footnotes":""},"article_type":[],"agreement":[],"for-members":[],"class_list":["post-843","page","type-page","status-publish","hentry"],"acf":[],"yoast_head":"<!-- This site is optimized with the Yoast SEO plugin v26.8 - https:\/\/yoast.com\/product\/yoast-seo-wordpress\/ -->\n<title>\u00c5rets branschbragd 2022 - S\u00e4kerhetsf\u00f6retagen<\/title>\n<meta name=\"robots\" content=\"index, follow, max-snippet:-1, max-image-preview:large, max-video-preview:-1\" \/>\n<link rel=\"canonical\" href=\"https:\/\/www.sakerhetsforetagen.se\/arets-branschbragd-2022\/\" \/>\n<meta property=\"og:locale\" content=\"sv_SE\" \/>\n<meta property=\"og:type\" content=\"article\" \/>\n<meta property=\"og:title\" content=\"\u00c5rets branschbragd 2022 - S\u00e4kerhetsf\u00f6retagen\" \/>\n<meta property=\"og:description\" content=\"&nbsp;Dags att nominera till \u00c5rets branschbragd 2022 S\u00e4kerhetsf\u00f6retagen har en l\u00e5ng tradition att utse \u00c5rets v\u00e4ktare. Sedan 2019 har styrelsen f\u00f6r S\u00e4kerhetsf\u00f6retagen beslutat att utveckla traditionen genom att d\u00f6pa om priset till&nbsp;\u00c5rets branschbragd. Du som &hellip;\" \/>\n<meta property=\"og:url\" content=\"https:\/\/www.sakerhetsforetagen.se\/arets-branschbragd-2022\/\" \/>\n<meta property=\"og:site_name\" content=\"S\u00e4kerhetsf\u00f6retagen\" \/>\n<meta property=\"article:modified_time\" content=\"2023-04-17T12:59:55+00:00\" \/>\n<meta property=\"og:image\" content=\"https:\/\/www.sakerhetsforetagen.se\/app\/uploads\/sites\/11\/2020\/12\/nokas_retusch.jpg\" \/>\n<meta name=\"twitter:card\" content=\"summary_large_image\" \/>\n<meta name=\"twitter:label1\" content=\"Ber\u00e4knad l\u00e4stid\" \/>\n\t<meta name=\"twitter:data1\" content=\"1 minut\" \/>\n<script type=\"application\/ld+json\" class=\"yoast-schema-graph\">{\"@context\":\"https:\/\/schema.org\",\"@graph\":[{\"@type\":\"WebPage\",\"@id\":\"https:\/\/www.sakerhetsforetagen.se\/arets-branschbragd-2022\/\",\"url\":\"https:\/\/www.sakerhetsforetagen.se\/arets-branschbragd-2022\/\",\"name\":\"\u00c5rets branschbragd 2022 - S\u00e4kerhetsf\u00f6retagen\",\"isPartOf\":{\"@id\":\"https:\/\/www.sakerhetsforetagen.se\/#website\"},\"primaryImageOfPage\":{\"@id\":\"https:\/\/www.sakerhetsforetagen.se\/arets-branschbragd-2022\/#primaryimage\"},\"image\":{\"@id\":\"https:\/\/www.sakerhetsforetagen.se\/arets-branschbragd-2022\/#primaryimage\"},\"thumbnailUrl\":\"https:\/\/www.sakerhetsforetagen.se\/app\/uploads\/sites\/11\/2020\/12\/nokas_retusch.jpg\",\"datePublished\":\"2021-12-01T07:01:21+00:00\",\"dateModified\":\"2023-04-17T12:59:55+00:00\",\"breadcrumb\":{\"@id\":\"https:\/\/www.sakerhetsforetagen.se\/arets-branschbragd-2022\/#breadcrumb\"},\"inLanguage\":\"sv-SE\",\"potentialAction\":[{\"@type\":\"ReadAction\",\"target\":[\"https:\/\/www.sakerhetsforetagen.se\/arets-branschbragd-2022\/\"]}]},{\"@type\":\"ImageObject\",\"inLanguage\":\"sv-SE\",\"@id\":\"https:\/\/www.sakerhetsforetagen.se\/arets-branschbragd-2022\/#primaryimage\",\"url\":\"https:\/\/www.sakerhetsforetagen.se\/app\/uploads\/sites\/11\/2020\/12\/nokas_retusch.jpg\",\"contentUrl\":\"https:\/\/www.sakerhetsforetagen.se\/app\/uploads\/sites\/11\/2020\/12\/nokas_retusch.jpg\",\"width\":555,\"height\":329},{\"@type\":\"BreadcrumbList\",\"@id\":\"https:\/\/www.sakerhetsforetagen.se\/arets-branschbragd-2022\/#breadcrumb\",\"itemListElement\":[{\"@type\":\"ListItem\",\"position\":1,\"name\":\"Home\",\"item\":\"https:\/\/www.sakerhetsforetagen.se\/\"},{\"@type\":\"ListItem\",\"position\":2,\"name\":\"\u00c5rets branschbragd 2022\"}]},{\"@type\":\"WebSite\",\"@id\":\"https:\/\/www.sakerhetsforetagen.se\/#website\",\"url\":\"https:\/\/www.sakerhetsforetagen.se\/\",\"name\":\"S\u00e4kerhetsf\u00f6retagen\",\"description\":\"\",\"potentialAction\":[{\"@type\":\"SearchAction\",\"target\":{\"@type\":\"EntryPoint\",\"urlTemplate\":\"https:\/\/www.sakerhetsforetagen.se\/?s={search_term_string}\"},\"query-input\":{\"@type\":\"PropertyValueSpecification\",\"valueRequired\":true,\"valueName\":\"search_term_string\"}}],\"inLanguage\":\"sv-SE\"}]}<\/script>\n<!-- \/ Yoast SEO plugin. -->","yoast_head_json":{"title":"\u00c5rets branschbragd 2022 - S\u00e4kerhetsf\u00f6retagen","robots":{"index":"index","follow":"follow","max-snippet":"max-snippet:-1","max-image-preview":"max-image-preview:large","max-video-preview":"max-video-preview:-1"},"canonical":"https:\/\/www.sakerhetsforetagen.se\/arets-branschbragd-2022\/","og_locale":"sv_SE","og_type":"article","og_title":"\u00c5rets branschbragd 2022 - S\u00e4kerhetsf\u00f6retagen","og_description":"&nbsp;Dags att nominera till \u00c5rets branschbragd 2022 S\u00e4kerhetsf\u00f6retagen har en l\u00e5ng tradition att utse \u00c5rets v\u00e4ktare. Sedan 2019 har styrelsen f\u00f6r S\u00e4kerhetsf\u00f6retagen beslutat att utveckla traditionen genom att d\u00f6pa om priset till&nbsp;\u00c5rets branschbragd. Du som &hellip;","og_url":"https:\/\/www.sakerhetsforetagen.se\/arets-branschbragd-2022\/","og_site_name":"S\u00e4kerhetsf\u00f6retagen","article_modified_time":"2023-04-17T12:59:55+00:00","og_image":[{"url":"https:\/\/www.sakerhetsforetagen.se\/app\/uploads\/sites\/11\/2020\/12\/nokas_retusch.jpg","type":"","width":"","height":""}],"twitter_card":"summary_large_image","twitter_misc":{"Ber\u00e4knad l\u00e4stid":"1 minut"},"schema":{"@context":"https:\/\/schema.org","@graph":[{"@type":"WebPage","@id":"https:\/\/www.sakerhetsforetagen.se\/arets-branschbragd-2022\/","url":"https:\/\/www.sakerhetsforetagen.se\/arets-branschbragd-2022\/","name":"\u00c5rets branschbragd 2022 - S\u00e4kerhetsf\u00f6retagen","isPartOf":{"@id":"https:\/\/www.sakerhetsforetagen.se\/#website"},"primaryImageOfPage":{"@id":"https:\/\/www.sakerhetsforetagen.se\/arets-branschbragd-2022\/#primaryimage"},"image":{"@id":"https:\/\/www.sakerhetsforetagen.se\/arets-branschbragd-2022\/#primaryimage"},"thumbnailUrl":"https:\/\/www.sakerhetsforetagen.se\/app\/uploads\/sites\/11\/2020\/12\/nokas_retusch.jpg","datePublished":"2021-12-01T07:01:21+00:00","dateModified":"2023-04-17T12:59:55+00:00","breadcrumb":{"@id":"https:\/\/www.sakerhetsforetagen.se\/arets-branschbragd-2022\/#breadcrumb"},"inLanguage":"sv-SE","potentialAction":[{"@type":"ReadAction","target":["https:\/\/www.sakerhetsforetagen.se\/arets-branschbragd-2022\/"]}]},{"@type":"ImageObject","inLanguage":"sv-SE","@id":"https:\/\/www.sakerhetsforetagen.se\/arets-branschbragd-2022\/#primaryimage","url":"https:\/\/www.sakerhetsforetagen.se\/app\/uploads\/sites\/11\/2020\/12\/nokas_retusch.jpg","contentUrl":"https:\/\/www.sakerhetsforetagen.se\/app\/uploads\/sites\/11\/2020\/12\/nokas_retusch.jpg","width":555,"height":329},{"@type":"BreadcrumbList","@id":"https:\/\/www.sakerhetsforetagen.se\/arets-branschbragd-2022\/#breadcrumb","itemListElement":[{"@type":"ListItem","position":1,"name":"Home","item":"https:\/\/www.sakerhetsforetagen.se\/"},{"@type":"ListItem","position":2,"name":"\u00c5rets branschbragd 2022"}]},{"@type":"WebSite","@id":"https:\/\/www.sakerhetsforetagen.se\/#website","url":"https:\/\/www.sakerhetsforetagen.se\/","name":"S\u00e4kerhetsf\u00f6retagen","description":"","potentialAction":[{"@type":"SearchAction","target":{"@type":"EntryPoint","urlTemplate":"https:\/\/www.sakerhetsforetagen.se\/?s={search_term_string}"},"query-input":{"@type":"PropertyValueSpecification","valueRequired":true,"valueName":"search_term_string"}}],"inLanguage":"sv-SE"}]}},"_links":{"self":[{"href":"https:\/\/www.sakerhetsforetagen.se\/api\/wp\/v2\/pages\/843","targetHints":{"allow":["GET"]}}],"collection":[{"href":"https:\/\/www.sakerhetsforetagen.se\/api\/wp\/v2\/pages"}],"about":[{"href":"https:\/\/www.sakerhetsforetagen.se\/api\/wp\/v2\/types\/page"}],"author":[{"embeddable":true,"href":"https:\/\/www.sakerhetsforetagen.se\/api\/wp\/v2\/users\/2400"}],"replies":[{"embeddable":true,"href":"https:\/\/www.sakerhetsforetagen.se\/api\/wp\/v2\/comments?post=843"}],"version-history":[{"count":7,"href":"https:\/\/www.sakerhetsforetagen.se\/api\/wp\/v2\/pages\/843\/revisions"}],"predecessor-version":[{"id":1342,"href":"https:\/\/www.sakerhetsforetagen.se\/api\/wp\/v2\/pages\/843\/revisions\/1342"}],"wp:attachment":[{"href":"https:\/\/www.sakerhetsforetagen.se\/api\/wp\/v2\/media?parent=843"}],"wp:term":[{"taxonomy":"type","embeddable":true,"href":"https:\/\/www.sakerhetsforetagen.se\/api\/wp\/v2\/article_type?post=843"},{"taxonomy":"agreement","embeddable":true,"href":"https:\/\/www.sakerhetsforetagen.se\/api\/wp\/v2\/agreement?post=843"},{"taxonomy":"for-members","embeddable":true,"href":"https:\/\/www.sakerhetsforetagen.se\/api\/wp\/v2\/for-members?post=843"}],"curies":[{"name":"wp","href":"https:\/\/api.w.org\/{rel}","templated":true}]}}

Årets branschbragd 2022

<div id="block-hero-block_56b399ee8e025a80f6edd5c3cc8b76bb" class="Hero has-green-background-color">

    
  <div class="Hero__inner container has-green-background-color has-arrow">
              <div class="Hero__title">
          <h1><i> Årets branschbragd 2022</i></h1>
        </div>
                                <div class="Hero__arrow">
          <svg class='icon icon--squiggly-arrow'  width="282" height="302" viewBox="0 0 282 302" fill="none" xmlns="http://www.w3.org/2000/svg">
<path d="M108.429 281.19L129.837 295.44L143.97 274.186" stroke="black" stroke-width="4" stroke-miterlimit="10"/>
<path d="M43.8871 68.0497C53.3269 84.3998 70.0075 95.6755 88.6244 97.6784C107.24 99.6801 125.826 95.0068 144.209 91.4645C162.592 87.9216 182.067 85.5682 199.674 91.9481C220.515 99.5002 236.316 120.278 236.492 142.446C236.669 164.616 220.178 186.234 198.428 190.49C188.558 192.423 177.815 190.842 169.542 185.112C161.271 179.382 155.88 169.284 156.859 159.269C158.292 144.577 173.761 133.512 188.444 135C203.126 136.491 215.468 148.757 219.176 163.047C222.881 177.337 218.804 192.932 210.416 205.072C202.027 217.212 189.703 226.187 176.514 232.804C167.472 237.341 157.931 240.877 149.144 245.889C140.356 250.899 132.161 257.651 127.746 266.755C123.333 275.858 126.637 283.983 129.929 295.386" stroke="black" stroke-width="4" stroke-miterlimit="10"/>
</svg>

          </div>
        </div>
</div>



<div class="wp-block-columns is-layout-flex wp-container-core-columns-is-layout-9d6595d7 wp-block-columns-is-layout-flex">
<div class="wp-block-column is-layout-flow wp-block-column-is-layout-flow"></div>
</div>



<div class="wp-block-columns is-layout-flex wp-container-core-columns-is-layout-9d6595d7 wp-block-columns-is-layout-flex">
<div class="wp-block-column is-layout-flow wp-block-column-is-layout-flow"></div>
</div>


<div class="wp-block wp-block-core-heading" id="&nbsp;dags-att-nominera-till-Årets-branschbragd-2022">
<h3 class="wp-block-heading">&nbsp;Dags att nominera till Årets branschbragd 2022</h3>
</div>


<div class="wp-block-columns is-layout-flex wp-container-core-columns-is-layout-9d6595d7 wp-block-columns-is-layout-flex">
<div class="wp-block-column is-layout-flow wp-block-column-is-layout-flow" style="flex-basis:66.66%"><div class="wp-block wp-block-core-paragraph">
<p>Säkerhetsföretagen har en lång tradition att utse Årets väktare. Sedan 2019 har styrelsen för Säkerhetsföretagen beslutat att utveckla traditionen genom att döpa om priset till&nbsp;Årets branschbragd.</p>
</div>

<div class="wp-block wp-block-core-paragraph">
<p>Du som har en arbetsledande ställning i ett säkerhetsföretag får nu möjlighet att nominera en eller flera&nbsp;medarbetare som gjort en särskilt utmärkande insats i sin yrkesroll som väktare, ordningsvakt, parkeringsvakt, larmoperatör eller skyddsvakt. Det kan exempelvis handla om livräddande insatser, framgångsrik brandhantering eller annat agerande.</p>
</div>

<div class="wp-block wp-block-core-paragraph">
<p>För att nominera: skriv en kort motivering och skicka nomineringen av medarbetaren senast den 12:e november till li.jansson@sakerhetsforetagen.se.</p>
</div>

<div class="wp-block wp-block-core-paragraph">
<p>Vinnaren utses av en jury bestående av Mats Adman, VD för Rapid Säkerhet AB och Joachim Källsholm, ordförande för Säkerhetsföretagen.</p>
</div></div>



<div class="wp-block-column is-layout-flow wp-block-column-is-layout-flow" style="flex-basis:33.33%">
<figure class="wp-block-image size-full"><img loading="lazy" decoding="async" width="555" height="329" src="https://www.sakerhetsforetagen.se/app/uploads/sites/11/2020/12/nokas_retusch.jpg" alt="" class="wp-image-288" srcset="https://www.sakerhetsforetagen.se/app/uploads/sites/11/2020/12/nokas_retusch.jpg 555w, https://www.sakerhetsforetagen.se/app/uploads/sites/11/2020/12/nokas_retusch-300x178.jpg 300w" sizes="auto, (max-width: 555px) 100vw, 555px" /></figure>
</div>
</div>

<p>&nbsp;Dags att nominera till Årets branschbragd 2022 Säkerhetsföretagen har en lång tradition att utse Årets väktare. Sedan 2019 har styrelsen för Säkerhetsföretagen beslutat att utveckla traditionen genom att döpa om priset till&nbsp;Årets branschbragd. Du som &hellip;</p>

<!-- This site is optimized with the Yoast SEO plugin v26.8 - https://yoast.com/product/yoast-seo-wordpress/ -->
<title>Årets branschbragd 2022 - Säkerhetsföretagen</title>
<meta name="robots" content="index, follow, max-snippet:-1, max-image-preview:large, max-video-preview:-1" />
<link rel="canonical" href="https://www.sakerhetsforetagen.se/arets-branschbragd-2022/" />
<meta property="og:locale" content="sv_SE" />
<meta property="og:type" content="article" />
<meta property="og:title" content="Årets branschbragd 2022 - Säkerhetsföretagen" />
<meta property="og:description" content="&nbsp;Dags att nominera till Årets branschbragd 2022 Säkerhetsföretagen har en lång tradition att utse Årets väktare. Sedan 2019 har styrelsen för Säkerhetsföretagen beslutat att utveckla traditionen genom att döpa om priset till&nbsp;Årets branschbragd. Du som &hellip;" />
<meta property="og:url" content="https://www.sakerhetsforetagen.se/arets-branschbragd-2022/" />
<meta property="og:site_name" content="Säkerhetsföretagen" />
<meta property="article:modified_time" content="2023-04-17T12:59:55+00:00" />
<meta property="og:image" content="https://www.sakerhetsforetagen.se/app/uploads/sites/11/2020/12/nokas_retusch.jpg" />
<meta name="twitter:card" content="summary_large_image" />
<meta name="twitter:label1" content="Beräknad lästid" />
	<meta name="twitter:data1" content="1 minut" />
<script type="application/ld+json" class="yoast-schema-graph">{"@context":"https://schema.org","@graph":[{"@type":"WebPage","@id":"https://www.sakerhetsforetagen.se/arets-branschbragd-2022/","url":"https://www.sakerhetsforetagen.se/arets-branschbragd-2022/","name":"Årets branschbragd 2022 - Säkerhetsföretagen","isPartOf":{"@id":"https://www.sakerhetsforetagen.se/#website"},"primaryImageOfPage":{"@id":"https://www.sakerhetsforetagen.se/arets-branschbragd-2022/#primaryimage"},"image":{"@id":"https://www.sakerhetsforetagen.se/arets-branschbragd-2022/#primaryimage"},"thumbnailUrl":"https://www.sakerhetsforetagen.se/app/uploads/sites/11/2020/12/nokas_retusch.jpg","datePublished":"2021-12-01T07:01:21+00:00","dateModified":"2023-04-17T12:59:55+00:00","breadcrumb":{"@id":"https://www.sakerhetsforetagen.se/arets-branschbragd-2022/#breadcrumb"},"inLanguage":"sv-SE","potentialAction":[{"@type":"ReadAction","target":["https://www.sakerhetsforetagen.se/arets-branschbragd-2022/"]}]},{"@type":"ImageObject","inLanguage":"sv-SE","@id":"https://www.sakerhetsforetagen.se/arets-branschbragd-2022/#primaryimage","url":"https://www.sakerhetsforetagen.se/app/uploads/sites/11/2020/12/nokas_retusch.jpg","contentUrl":"https://www.sakerhetsforetagen.se/app/uploads/sites/11/2020/12/nokas_retusch.jpg","width":555,"height":329},{"@type":"BreadcrumbList","@id":"https://www.sakerhetsforetagen.se/arets-branschbragd-2022/#breadcrumb","itemListElement":[{"@type":"ListItem","position":1,"name":"Home","item":"https://www.sakerhetsforetagen.se/"},{"@type":"ListItem","position":2,"name":"Årets branschbragd 2022"}]},{"@type":"WebSite","@id":"https://www.sakerhetsforetagen.se/#website","url":"https://www.sakerhetsforetagen.se/","name":"Säkerhetsföretagen","description":"","potentialAction":[{"@type":"SearchAction","target":{"@type":"EntryPoint","urlTemplate":"https://www.sakerhetsforetagen.se/?s={search_term_string}"},"query-input":{"@type":"PropertyValueSpecification","valueRequired":true,"valueName":"search_term_string"}}],"inLanguage":"sv-SE"}]}</script>
<!-- / Yoast SEO plugin. -->

Årets branschbragd 2022 - Säkerhetsföretagen

&nbsp;Dags att nominera till Årets branschbragd 2022 Säkerhetsföretagen har en lång tradition att utse Årets väktare. Sedan 2019 har styrelsen för Säkerhetsföretagen beslutat att utveckla traditionen genom att döpa om priset till&nbsp;Årets branschbragd. Du som &hellip;

Säkerhetsföretagen
